+ 240*i. Let c(a) be the first derivative of -3*a**2 + 5*a + 1. What is the remainder when c(-5) is divided by i?
16
Let i = 7 + 8. Suppose 11*c - i = 10*c. Calculate the remainder when 29 is divided by c.
14
Suppose 5*p + 10*s - 11*s - 297 = 0, p - 63 = 2*s. What is the remainder when p is divided by (24/9)/(-2)*-15?
19
Suppose 4*n - 5*z + 1 = 28, -4*z = -4*n + 24. Suppose n*b = -4*o + 125, 4*o + 85 = 9*b - 6*b. What is the remainder when 138 is divided by b?
33
Calculate the remainder when 134 is divided by ((-10)/6)/(-3 + (-213)/(-72)).
14
Calculate the remainder when (-3)/(-2)*2*(-116)/(-6) is divided by 31.
27
Suppose 6*c + 1 = 31. Suppose -3*v - 20 = v, -2 = b + v. Calculate the remainder when c is divided by b.
2
Suppose 3*k + 39 = k + 5*c, c - 3 = 0. Let d = k + 18. Calculate the remainder when 8 is divided by d.
2
Suppose 57*u = 26*u + 13795. What is the remainder when u is divided by 18?
13
Let t be (-10)/25 + 36/(-10) + 3. Calculate the remainder when (16/6 - 3)/t*177 is divided by 32.
27
Let a(l) = -114*l - 661. What is the remainder when 380 is divided by a(-6)?
12
Suppose 109*f - 104*f - 5*o = 870, o + 512 = 3*f. Calculate the remainder when f is divided by 91.
78
Let v = -54 - -115. Let t be 0 - (-1)/(1/(-4)). What is the remainder when v is divided by 3/(t/(-28) - 0)?
19
Suppose 691 - 208 = 7*j. Let z = 75 - j. Calculate the remainder when 11 is divided by z.
5
Let c be 3020/(-20)*(-1 + 0). Let a = -124 + c. What is the remainder when 50 is divided by a?
23
Let k be -14*(1 + 65/(-35)). Let l be (-2 + 6)/k*3. What is the remainder when 49 is divided by (-18 + 1)/(0 - l)?
15
Calculate the remainder when 146 is divided by (14 - (-240)/(-18))/((-1)/(-57)).
32
Suppose 4*x - 175 = -5*a, 4*a - x = -6*x + 149. Let m(y) = y**3 + 9*y**2 + 9*y + 7. Calculate the remainder when m(-6) is divided by a.
30
Let k = -41 - -161. What is the remainder when k + (-1 - (-2 + 4)) is divided by -4*3*5/(-2)?
27
Let h(y) = -y**3 - y**2 - 2*y - 3. Let t be h(-2). Suppose 12 = t*f + 2. Calculate the remainder when 6 is divided by f.
0
Let o(l) = -4*l**2 + 6 + 0*l + 3*l**2 - 3 + 16*l. What is the remainder when o(15) is divided by 4?
2
Suppose g = -50 - 24. Let f be (-5)/(-3 - g/25). What is the remainder when 14 is divided by (-1)/3 + f/15?
6
Let h = 260 + -236. What is the remainder when 44 is divided by h?
20
Let t be (52/12)/((-1)/(-3)). Let k = t + -8. Suppose 4*x - 126 = -k*g, -x - 2*g + 39 = 3*g. Calculate the remainder when x is divided by 16.
13
Calculate the remainder when 190 is divided by 72*(-45)/(-10)*(-4)/(-36).
10
Suppose -12 = 2*a - j - j, 0 = -2*a + 3*j - 16. Calculate the remainder when (1 - a) + (-1)/((-1)/122) is divided by 16.
13
Let h = -1035 - -1047. Calculate the remainder when h is divided by 1 + 6 + (1 - 1).
5
Suppose 0*l - l - 2*p = -13, -3*l + 83 = -5*p. Calculate the remainder when 76 is divided by l.
13
Let o be (-8)/(-1)*-1 + 2. What is the remainder when -2 - 1 - (-39 - -8) is divided by (-3 + 1)/(o/45)?
13
Calculate the remainder when 12/20 - (-18676)/140 is divided by 32.
6
Suppose 0 = 2*t + 5*w - 128, -5*t + 5*w + 123 = -127. Suppose -5*u + 3*d = -64 - 34, -4*d = -u + 23. Calculate the remainder when t is divided by u.
16
Suppose 2*d - 23*r - 91 = -20*r, -4*d + 167 = -3*r. What is the remainder when 136 is divided by d?
22
Let z(g) = 2*g + 171. Calculate the remainder when z(-6) is divided by 39.
3
Suppose 0 = 3*g + 5*v - 805, 2*v - 1000 = -4*g + 50. What is the remainder when g is divided by 88?
84
Let g be (-1)/((-2)/(-2)) + 79. Let b = 143 - g. Calculate the remainder when b is divided by 34.
31
Suppose -4 = 2*x, -3*g - 4 = -0*x + 5*x. Suppose -3*y - g*b + 249 = -38, 4*y - 2*b - 392 = 0. Calculate the remainder when y is divided by 20.
17
Let b = 600 + -595. Calculate the remainder when 24 is divided by b.
4
Let w = 34 + -22. What is the remainder when (-5)/1 - ((-430)/10 - -4) is divided by w?
10
What is the remainder when ((-22)/(-8) - -5)*8 is divided by 11?
7
Suppose 4*z + p - 2 = 14, -23 = -3*z + 2*p. Let l(m) = -m + 8. Let q be l(z). Suppose 0 = i - q*i + 36. Calculate the remainder when 51 is divided by i.
15
Let m = 23 - 39. Let z = m + 93. What is the remainder when z is divided by 40?
37
What is the remainder when (-144193)/(-189) - 8/(-108) is divided by 15?
13
Suppose 91*o - 105*o = -1610. Calculate the remainder when o is divided by 24.
19
Let s = -37 + 63. What is the remainder when s is divided by 12/(-36) + 98/6?
10
Let i be (-17)/(-6) - (3 + 19/(-6)). Suppose 2*c = 3*g + 40, i*c - 2*c + 4*g = 20. Calculate the remainder when 98 is divided by c.
18
Let u = 7 - -23. Let m = -3923 + 3940. Calculate the remainder when u is divided by m.
13
Suppose 5*h - 53 = p, 4*p - h + 33 = -103. Let d = 40 + p. Calculate the remainder when 18 is divided by d.
4
Suppose 330 - 324 = v. Calculate the remainder when 16 is divided by v.
4
Let o(t) = -4*t**3 + 4*t**2 + 2*t + 4. What is the remainder when o(-3) is divided by (24/(-15))/((-38)/(-95)) + 33?
26
Suppose 6*w = -3*w + 117. Suppose -8 - 7 = -5*m. Suppose -u + 2 = 0, 0 = -m*p - u + 21 + 53. What is the remainder when p is divided by w?
11
Let m(s) = -13*s**3 - 8*s + 11. Calculate the remainder when m(-5) is divided by 73.
70
Let g(f) = 9*f**3 - 3*f + 3. Calculate the remainder when 22 is divided by g(1).
4
Suppose -4*w - 88 = -448. Suppose -4*v + w = -9*v. Let f = v - -68. What is the remainder when f is divided by 13?
11
Suppose -14*t = -265 - 141. What is the remainder when 218 is divided by t?
15
Let u = 99 + -65. Calculate the remainder when u is divided by 12.
10
What is the remainder when 90 is divided by 1/(24/(-4)) - 417/(-18)?
21
Let j be -2 + (-1)/(2/(-10)). Let x = j - -11. Calculate the remainder when 53 is divided by x.
11
Let f(d) = -d**2 + 12*d + 27. Calculate the remainder when f(10) is divided by 41.
6
Let j = 41 + -24. What is the remainder when 112 is divided by j?
10
Suppose 0 = 5*c + 3*l - 427, 3*c - 245 = 2*l - l. Suppose 4*s = -2*h + 108, 0*s - h + c = 3*s. Calculate the remainder when s is divided by 8.
5
Let h = 14 + 5. Let u = h + 5. Calculate the remainder when u is divided by 7.
3
Let x = 196 - -77. What is the remainder when x is divided by 88?
9
Suppose 0 = -3*x + i + 57, 4*x - 76 = 4*i - 6*i. What is the remainder when x is divided by 114/30 + (-2)/(-10)?
3
Suppose 3*z = -2*z + 400. Suppose -142 = -5*o + 2*a, -4*a + z = 3*o - 0*a. Let n(y) = y**2 + y + 11. What is the remainder when n(8) is divided by o?
27
Suppose -5*l + 20 = 0, 2*l = -4*h - 0*l + 152. Calculate the remainder when 137 is divided by h.
29
Let x = 135 + -70. Let o(h) = 18*h**3 - 2*h**2 + 2*h - 1. What is the remainder when x is divided by o(1)?
14
Suppose 4*l + 662 = 3478. What is the remainder when l is divided by 7?
4
Let w be 6 - (8/(-2) + 3). Suppose w*m = -m + 24. What is the remainder when 3 is divided by m?
0
Suppose 3*z + 0*h - 5*h = 107, -186 = -4*z - 2*h. Suppose -y = -z + 3. Calculate the remainder when y is divided by 9.
5
Suppose 2*n - 12 = 3*n. Let b = 6 + n. What is the remainder when b/39 + (-888)/(-26) is divided by 12?
10
Let g = -41 - -57. Let h be (4/6)/((-12)/(-180)). Suppose h*w = w + 549. What is the remainder when w is divided by g?
13
Suppose 5*l = -4*p + 36, p = -2*p + 2*l + 4. Suppose r + 46 = j + 3*r, -r = 0. Suppose p*q = 14 + j. What is the remainder when 43 is divided by q?
13
Suppose 8*a - a = -280. Let n = -27 - a. Suppose 0 = 3*u - 2*u - 5*d - 54, -5*d - 250 = -5*u. Calculate the remainder when u is divided by n.
10
Suppose 0*h = -3*g + 2*h + 64, 5*g + 4*h = 70. What is the remainder when g is divided by 3?
0
Suppose -5*h = 25, -v + 154 = 4*h + 171. What is the remainder when v is divided by (-1*1 - -4)*1?
0
Let s = -122 - -287. What is the remainder when s is divided by 13?
9
Suppose 3*o = -k + 34, 5 + 27 = 3*o + 2*k. Let a(y) = -y + 18. Let j be a(13). Let d(z) = 4*z + 1. What is the remainder when d(j) is divided by o?
9
Suppose 18*o - 504 = -10*o. What is the remainder when 137 is divided by o?
11
Suppose -w - 3*f + 73 = 0, 4*w - 4*f - 162 = 82. Suppose 62 = 5*m + h, -5*m - 3*h + w = -h. What is the remainder when m is divided by 6?
0
Suppose 12 = -3*z, 3*o - 6*o + 3*z + 267 = 0. Calculate the remainder when o is divided by 12.
